 m(-14).
5
Let r(l) = -l**3 - 6*l**2 + 4*l - 16. Give r(-6).
-40
Let w(p) = 8*p**2 + 3*p + 2. Give w(-1).
7
Let o(b) = -b**2 - 3*b + 4. What is o(4)?
-24
Let c(h) = 4*h - 3. Calculate c(-2).
-11
Let o(z) = 2*z - 7. Determine o(6).
5
Let n(b) = -4*b - 89. What is n(-25)?
11
Let g(q) = 2*q - 25. Give g(9).
-7
Let k(d) = -d**2 + 28*d - 26. What is k(27)?
1
Let w(m) = 4*m + 88. Give w(-22).
0
Let j(q) = 14*q + 3. Calculate j(-2).
-25
Let d(p) = -p - 49. What is d(0)?
-49
Let m(a) = -a + 19. Give m(15).
4
Let r(w) = -w**3 - 4*w**2 - 3. What is r(-2)?
-11
Let p(f) = 3*f - 14. Calculate p(5).
1
Let a(m) = 2*m - 6. Determine a(13).
20
Let s(q) = -2*q - 9. Give s(-6).
3
Let c(z) = -130*z - 518. Calculate c(-4).
2
Let y(s) = -s**2 - 8*s - 7. Determine y(-7).
0
Let a(l) = -l**2 + 7*l - 7. Give a(6).
-1
Let h(v) = -v**3 - 4*v**2 + 16*v + 5. Give h(-6).
-19
Let w(y) = 10*y - 58. Determine w(5).
-8
Let r(x) = -5*x + 2. What is r(-4)?
22
Let c(l) = 3*l**2 - 18*l - 1. Give c(8).
47
Let q(h) = -10*h - 10. Calculate q(5).
-60
Let y(h) = h**2 + 8*h - 30. What is y(4)?
18
Let x(i) = 5*i + 55. Give x(-11).
0
Let h(m) = m**2 - 17*m + 30. Calculate h(15).
0
Let o(x) = -x**2 + 7*x - 12. Give o(4).
0
Let h(g) = -g - 17. What is h(-14)?
-3
Let a(g) = 4*g - 31. What is a(10)?
9
Let t(l) = -20*l - 24. What is t(-4)?
56
Let w(r) = r**3 + 7*r**2 - 11*r - 40. Calculate w(-8).
-16
Let y(q) = q**2 + 8*q + 11. Determine y(-7).
4
Let u(k) = 3*k**3 + 2*k**2 - k. Calculate u(1).
4
Let o(i) = -i**2 + 23*i - 95. Calculate o(17).
7
Let x(g) = -g**3 - 18*g**2 + 17*g - 35. What is x(-19)?
3
Let o(h) = -4*h - 96. Give o(-23).
-4
Let a(j) = -j**3 + 13*j**2 - 11*j - 15. Give a(12).
-3
Let g(v) = -v**3 - 10*v**2 - v - 6. Calculate g(-10).
4
Let x(t) = -2*t**2 - 2*t - 3. Determine x(0).
-3
Let c(m) = m**3 + 17*m**2 - 17*m - 23. Calculate c(-18).
-41
Let d(o) = o**3 - 9*o**2 + 11. Give d(9).
11
Let v(s) = -s**2 - 8*s + 15. What is v(-10)?
-5
Let r(t) = 3*t. What is r(5)?
15
Let v(z) = z**2 - 61*z + 344. Calculate v(6).
14
Let w(n) = -9*n. Calculate w(4).
-36
Let i(d) = -d**3 - 4*d**2 - 4*d - 7. Calculate i(-4).
9
Let f(q) = -q**3 - 5*q**2 + 9*q - 6. What is f(-7)?
29
Let x(v) = -v**3 - 13*v**2 - 11*v - 20. Calculate x(-13).
123
Let p(w) = -9*w - 401. Give p(-45).
4
Let p(m) = 2*m - 6. Determine p(-5).
-16
Let m(p) = p**2 - 12*p - 23. Calculate m(10).
-43
Let p(z) = 2*z + 6. What is p(11)?
28
Let p(q) = -47*q - 1. Give p(-1).
46
Let m(t) = -t**3 - 7*t**2 + 2*t + 2. Give m(-7).
-12
Let g(c) = c + 10. What is g(-10)?
0
Let g(u) = -u**3 - 5*u**2 - 5*u - 35. Calculate g(-6).
31
Let q(s) = s**2 - 19. Determine q(0).
-19
Let m(j) = 33*j. Determine m(1).
33
Let g(v) = -v**2 - 18*v + 214. Calculate g(8).
6
Let s(g) = -2*g**3 + 3*g**2 - 9. Give s(3).
-36
Let f(g) = 21*g - 654. Calculate f(32).
18
Let i(z) = 5*z**2 - 2*z - 2. Calculate i(3).
37
Let o(f) = -f**2 - 4*f + 11. Give o(-7).
-10
Let b(a) = 8*a + 22. Calculate b(4).
54
Let k(q) = -q**3 + 4*q**2 - 2*q. Calculate k(4).
-8
Let z(t) = -t**3 - 32*t**2 + 2*t + 57. What is z(-32)?
-7
Let t(n) = n**2 + 10*n - 14. What is t(-5)?
-39
Let b(h) = -4*h**2 - 7*h + 8. Calculate b(-3).
-7
Let d(j) = -j**2 + 21*j + 28. Determine d(23).
-18
Let z(v) = 12*v - 4. What is z(-6)?
-76
Let u(p) = p**2 + 24*p - 12. Determine u(-26).
40
Let s(f) = 3*f - 1. What is s(5)?
14
Let k(o) = 2*o**2 + 6*o - 15. Calculate k(-6).
21
Let s(y) = -y**3 + 18*y**2 + 15*y + 13. Give s(19).
-63
Let g(c) = -c**3 - 29*c**2 - 7. What is g(-29)?
-7
Let r(i) = i**3 + 5*i**2 - 7*i - 2. Calculate r(-6).
4
Let r(a) = -5*a - 65. Give r(-9).
-20
Let w(i) = -2*i**2 - 16*i - 19. Give w(-6).
5
Let n(u) = u**3 + 3*u**2 - 1. What is n(-3)?
-1
Let y(v) = 4*v**3 + 9*v + 7. Calculate y(-1).
-6
Let q(f) = -f**3 - 3*f**2 - 3. What is q(-3)?
-3
Let v(n) = 7*n - 200. Determine v(35).
45
Let w(v) = 5*v**2 - 2*v + 13. Determine w(-4).
101
Let y(i) = 2*i - 15. Calculate y(4).
-7
Let w(n) = -n**3 + 8*n**2 - 3*n - 4. Give w(3).
32
Let v(h) = h + 15. Determine v(6).
21
Let f(w) = w**2 + w - 46. Give f(-7).
-4
Let v(p) = -p**2 + 6*p + 16. Calculate v(8).
0
Let j(l) = -l**2 - 53*l - 588. Determine j(-37).
4
Let j(x) = -x**3 + 5*x**2 + 3*x - 5. What is j(5)?
10
Let c(l) = -l**2 - 14*l - 7. What is c(-13)?
6
Let y(j) = -j**3 + 5*j**2 - 18*j + 60. What is y(4)?
4
Let c(r) = r**2 - 11*r + 12. Determine c(10).
2
Let z(x) = 14*x**2 - 1. Calculate z(-1).
13
Let i(z) = z**3 + 22*z**2 + 6*z + 14. Calculate i(-22).
-118
Let r(b) = b**3 + 4*b**2 - 11*b - 14. Determine r(-6).
-20
Let z(y) = -y**3 + 2*y**2 + 15*y - 8. What is z(6)?
-62
Let z(q) = -q**2 - q - 3. Give z(3).
-15
Let q(g) = 2*g**3 + 38*g**2 + 38*g + 25. Determine q(-18).
-11
Let q(s) = 8*s - 50. Determine q(11).
38
Let s(g) = -13*g - 31. Give s(-3).
8
Let x(y) = y**3 - 4*y**2 - 5*y + 7. What is x(5)?
7
Let u(g) = -13*g - 73. Calculate u(-5).
-8
Let y(i) = -i**2 + 2*i + 16. Determine y(8).
-32
Let w(l) = 2*l - 31. Calculate w(19).
7
Let z(b) = -6*b**2 - 8*b + 10. Give z(1).
-4
Let v(t) = 2*t**2 - 30*t - 3. What is v(15)?
-3
Let y(i) = 2*i - 5. What is y(-3)?
-11
Let g(t) = -t**3 + 6*t**2 + 14*t + 4. Determine g(8).
-12
Let y(o) = 4*o - 53. Calculate y(17).
15
Let g(s) = -s**3 - 10*s**2 + 8*s - 23. Calculate g(-11).
10
Let n(x) = 34*x - 681. Give n(20).
-1
Let h(s) = 2*s**2 + 14*s + 16. Calculate h(-6).
4
Let g(f) = f**2 - 11*f - 19. What is g(13)?
7
Let a(k) = k**2 + 29*k - 30. Calculate a(-30).
0
Let x(u) = 2*u**2 + 32*u + 28. What is x(-15)?
-2
Let k(j) = -4*j - 130. Give k(-30).
-10
Let u(z) = -7*z**2 - 5*z + 5. What is u(1)?
-7
Let r(h) = h + 15. What is r(-18)?
-3
Let p(o) = -14*o**2 + 3*o + 4. Give p(2).
-46
Let w(s) = 3*s - 29. Calculate w(14).
13
Let w(t) = t**3 + 4*t**2 + t - 1. Give w(-5).
-31
Let t(n) = n**3 + 9*n**2 - 11*n - 7. What is t(-10)?
3
Let i(s) = 14*s + 73. Give i(-6).
-11
Let p(c) = -c**2 + 7*c - 2. What is p(8)?
-10
Let a(l) = -l**3 + 16*l**2 + 27*l - 165. Calculate a(17).
5
Let w(s) = -s**2 + 8*s + 29. Give w(10).
9
Let q(r) = r**2 - 12*r - 9. Give q(13).
4
Let o(h) = h**3 + h**2 + h - 21. Determine o(0).
-21
Let s(q) = -q**2 + 8*q - 14. Give s(7).
-7
Let w(q) = q**3 - 12*q**2 + 21*q - 1. Give w(10).
9
Let r(l) = 50*l - 196. Calculate r(5).
54
Let m(f) = f**3 + 10*f**2 - 11*f + 2. What is m(-11)?
2
Let d(o) = -o**2 - 17*o - 3. Calculate d(-15).
27
Let c(s) = s**3 - 12*s**2 - 32*s + 25. Calculate c(14).
-31
Let w(c) = 19*c + 53. Determine w(-3).
-4
Let t(f) = 10*f. Calculate t(-2).
-20
Let c(b) = 3*b**3 + b**2 - b. Calculate c(1).
3
Let x(w) = 8*w**3 - 12*w**2 - 15*w - 2. What is x(-1)?
-7
Let p(k) = -4*k**2 - 3*k - 2. What is p(-3)?
-29
Let s(k) = k**3 - 17*k**2 + 16*k - 1. Calculate s(16).
-1
Let g(t) = t**2 - 15*t + 15. Calculate g(14).
1
Let s(z) = 2*z + 3. Determine s(7).
17
Let a(r) = -8*r + 82. Give a(12).
-14
Let z(p) = -p**2 - 8*p + 5. Determine z(-9).
-4
Let y(r) = -2*r**2 - 10*r + 11. Calculate y(-6).
-1
Let j(v) = 14*v - 125. What is j(7)?
-27
Let j(i) = i**3 + 21*i**2 + 2*i + 44. What is j(-21)?
2
Let y(h) = 15*h + 4. Determine y(3).
49
Let k(w) = -w**3 - 5*w**2 - w + 5. Determine k(-3).
-10
Let b(p) = p**3 + 11*p**2 - 13. Determine b(-9).
149
Let n(h) = 220*h - 1762. Determine n(8).
-2
Let a(y) = -y**3 - 6*y**2 - 4*y - 23. What is a(-6)?
1
Let p(v) = -v**3 + 2*v**2 - 5*v + 8. Calculate p(3).
-16
Let k(j) = 8*j**2 - 23*j - 3. Give k(3).
0
Let s(g) = 7*g**2 + 32*g - 6. Determine s(-5).
9
Let z(t) = t**2 + 10*t + 14. What is z(-9)?
5
Let q(p) = 9*p + 61. Determine q(-6).
7
Let x(k) = -k**2 + 14*k + 35. What is x(16)?
3
Let b(n) = -n**2 - 6*n - 2. Determine b(2).
-18
Let g(m) = -10*m**3 + 12*m - 11. Calculate g(1).
-9
Let q(f) = -3*f**3 - 4*f**2 - f - 5. What is q(-3)?
43
Let a(t) = -t**3 + 5*t**2 + 10*t - 2. Calculate a(7).
-30
Let c(o) = -2*o - 20. Calculate c(-13).
6
Let p(z) = z**2 + 10*z - 139. Calculate p(-18).
5
Let a(p) = p**3 + 13*p**2 + 12*p + 8. Give a(-12).
8
Let z(a) = a**3 + 17*a**2 - 59*a + 17. Give z(-20).
-3
Let x(g) = -g**2 + 6*g - 1. Give x(4).
7
Let v(r) = r**3 + 7*r**2 + 10*r + 11. Determine v(-5).
11
Let q(z) = -7*z - 28. Calculate q(-4).
0
Let d(w) = w**3 + 8. Give d(0).
8
Let f(o) = -3*o - 53. What is f(-18)?
1
Let o(g) = -3*g + 45. Determine o(16).
-3
Let m(g) = g**3 - 12*g**2 + 26*g - 3. Determine m(5)